and 126.
14
Calculate the greatest common divisor of 810 and 1108368846.
162
Calculate the greatest common factor of 608 and 1815520.
32
What is the greatest common factor of 1640 and 2791360?
40
What is the highest common factor of 288148 and 262892?
1148
Calculate the greatest common factor of 279936 and 384.
384
Calculate the greatest common divisor of 18 and 1603036.
2
Calculate the greatest common factor of 3272041 and 35003.
493
Calculate the greatest common factor of 269035 and 2535.
65
Calculate the highest common factor of 749 and 545191857.
749
Calculate the highest common factor of 2313 and 3099677.
257
Calculate the highest common divisor of 729125 and 1842.
307
Calculate the greatest common divisor of 188212 and 66454.
446
What is the highest common divisor of 226 and 373068257?
113
What is the highest common factor of 1102410 and 5910?
30
Calculate the highest common factor of 447 and 4583091.
447
Calculate the greatest common factor of 335 and 35045824.
67
What is the highest common divisor of 82 and 54684611?
41
Calculate the greatest common divisor of 46920832 and 7168.
896
What is the highest common factor of 44 and 473792?
44
Calculate the highest common factor of 138320556 and 231.
33
Calculate the highest common divisor of 302382 and 203382.
18
What is the greatest common divisor of 1420 and 735960?
20
Calculate the highest common divisor of 171 and 22679236.
19
Calculate the greatest common factor of 2369965 and 16055.
1235
Calculate the highest common factor of 11901411 and 774.
387
Calculate the greatest common divisor of 3047321 and 951.
317
Calculate the greatest common factor of 3748018 and 145.
29
What is the greatest common divisor of 848 and 20289778?
106
What is the highest common divisor of 2952 and 53219763?
369
Calculate the highest common divisor of 897988 and 15288.
364
Calculate the highest common divisor of 51689693 and 192852.
5357
What is the greatest common divisor of 6313229 and 249?
83
What is the greatest common divisor of 453861 and 208647?
2151
What is the highest common divisor of 28169210 and 20?
10
Calculate the highest common factor of 1110 and 3230026.
74
Calculate the highest common factor of 1514804 and 310804.
172
Calculate the highest common factor of 2051856 and 306.
18
Calculate the highest common divisor of 4072 and 1605386.
1018
What is the greatest common factor of 14904 and 4211136?
216
Calculate the highest common divisor of 16 and 3542328.
8
What is the highest common factor of 860 and 22108235?
215
What is the highest common factor of 48051936 and 108?
36
What is the highest common divisor of 4560 and 182625?
15
Calculate the highest common divisor of 412560 and 335880.
1080
What is the greatest common factor of 20817078 and 153?
51
Calculate the greatest common factor of 379226618 and 214.
214
What is the greatest common divisor of 3367 and 348880?
7
What is the greatest common factor of 1892 and 197324721?
473
Calculate the highest common factor of 47092360 and 5.
5
What is the greatest common divisor of 34292700 and 4550?
650
Calculate the greatest common factor of 383 and 207306410.
383
What is the highest common factor of 225344 and 4584342?
7042
Calculate the highest common divisor of 33583 and 9118967.
473
What is the highest common factor of 464569565 and 205?
205
What is the highest common divisor of 3944 and 455464?
136
What is the greatest common factor of 11037 and 37941527?
3679
What is the highest common factor of 80884879 and 1541?
67
Calculate the highest common factor of 15695 and 67744.
73
What is the highest common divisor of 48766 and 47249?
37
Calculate the greatest common factor of 97486 and 82634.
158
What is the highest common divisor of 53427 and 232122?
33
What is the greatest common divisor of 53116 and 525198?
542
Calculate the highest common factor of 16028784 and 16.
16
Calculate the greatest common divisor of 2432 and 105640.
152
What is the highest common factor of 60 and 167550090?
30
Calculate the greatest common divisor of 3708 and 8166458.
206
What is the greatest common divisor of 30805 and 75945?
305
What is the highest common factor of 2687 and 64254231?
2687
What is the highest common factor of 97435 and 1586845?
65
What is the greatest common factor of 1197627 and 57?
57
What is the highest common divisor of 2077 and 9350933?
31
What is the highest common factor of 18905 and 305?
5
Calculate the greatest common divisor of 7096 and 262.
2
What is the greatest common factor of 2314861 and 4491?
499
Calculate the greatest common divisor of 52130 and 5330.
130
What is the highest common factor of 3553 and 3036693?
187
Calculate the greatest common divisor of 295 and 312936.
59
What is the highest common divisor of 97312 and 270064?
16
Calculate the greatest common factor of 149566 and 1191122.
1802
Calculate the greatest common factor of 158267439 and 506.
253
What is the greatest common divisor of 36267885 and 2295?
2295
What is the greatest common factor of 242112 and 390?
78
What is the highest common factor of 84 and 734392890?
42
Calculate the greatest common factor of 52 and 128737466.
26
What is the greatest common divisor of 542938 and 199111?
253
Calculate the greatest common factor of 215499528 and 36.
36
What is the highest common divisor of 3153 and 160887?
3
Calculate the highest common factor of 9328 and 82634208.
848
What is the highest common factor of 8473 and 1299575?
229
What is the highest common factor of 208 and 47428576?
208
What is the highest common factor of 1080417 and 117?
39
What is the highest common factor of 31273984 and 2496?
64
Calculate the highest common factor of 556 and 16114270.
278
What is the highest common factor of 25281576 and 162?
18
Calculate the highest common factor of 66304 and 2726493.
259
What is the highest common factor of 124509 and 4477?
121
Calculate the highest common divisor of 162698151 and 462.
231
Calculate the highest common divisor of 3551334 and 27676.
1258
Calculate the highest common factor of 150 and 935460.
30
Calculate the highest common factor of 781168 and 136.
8
What is the highest common factor of 8846044 and 29?
29
What is the highest common divisor of 1400 and 15278600?
200
Calculate the highest common divisor of 34 and 1987016525.
17
What is the greatest common factor of 5297334 and 84?
42
What is the highest common divisor of 1018741 and 1653?
29
Calculate the greatest common divisor of 14487136 and 224.
32
What is the greatest common divisor of 80514 and 567000?
1134
Calculate the greatest common factor of 14426088 and 2488.
8
What is the greatest common divisor of 876564 and 51675?
39
Calculate the greatest common factor of 27418300 and 385.
35
Calculate the highest common divisor of 364086 and 2366898.
678
What is the greatest common divisor of 21874 and 998?
2
What is the greatest common factor of 152825 and 275?
25
What is the greatest common divisor of 44955003 and 49425?
1977
What is the greatest common factor of 45 and 11515716?
9
What is the highest common divisor of 7077 and 7063?
7
What is the greatest common divisor of 1942348 and 524?
4
What is the greatest common factor of 240739482 and 207?
69
Calculate the highest common divisor of 4131 and 433806.
51
Calculate the highest common factor of 51499 and 2134581.
1051
Calculate the greatest common divisor of 475 and 372525.
25
What is the highest common divisor of 294494 and 37294?
1286
Calculate the greatest common factor of 7239271 and 247.
13
What is the highest common factor of 6 and 23555925?
3
Calculate the greatest common factor of 175 and 2836500.
25
What is the highest common factor of 3527172 and 36?
36
Calculate the greatest common factor of 4818081 and 838.
419
Calculate the greatest common divisor of 14237 and 20010.
23
Calculate the greatest common factor of 1379837 and 3743.
19
What is the highest common divisor of 224 and 70133140?
28
What is the greatest common divisor of 109096 and 24492?
52
Calculate the greatest common factor of 10598 and 546462.
14
Calculate the greatest common factor of 5022320 and 63516.
268
Calculate the highest common factor of 581164 and 276.
92
Calculate the highest common divisor of 5829 and 189892.
29
Calculate the greatest common factor of 1552 and 1117424.